mmon factor of 28 and c.
28
Suppose -15*h + 6461 = 56*h. Calculate the greatest common factor of 2366 and h.
91
Suppose -2*z = -4*n - 1956, -n + 554 = 3*z - 2387. What is the highest common divisor of z and 441?
49
Let i(r) = -2*r**3 - 15*r**2 - 55*r - 465. Let c be i(-10). What is the highest common factor of 50 and c?
5
Let s = 34 - 18. Suppose -42*k + 66*k - 119024 = -149*k. Calculate the greatest common factor of s and k.
16
Let c be ((-1)/(-9))/((-43)/1419)*-123*1. What is the greatest common factor of 187 and c?
11
Let a = -1041 - 615. Let g be (a/(-28))/(-5 - (-72)/14). What is the highest common divisor of g and 18?
18
Suppose -4*y + 4*g + 1028 + 1068 = 0, -5*g + 1612 = 3*y. Calculate the greatest common divisor of 322 and y.
23
Let k be -6 - ((-81)/4)/(11/44). What is the highest common divisor of k and 180?
15
Let f(n) = n**2 - 5*n + 5. Let j be 1/(-2)*(3 - 11). Let x be f(j). Let d be 4779/108 - x/4. Calculate the highest common factor of d and 4.
4
Let k(j) = -19*j**3 - 18*j**2 - 17*j + 2. Let z be k(-1). Calculate the greatest common factor of 4300 and z.
20
Suppose -281 = -25*s + 144. What is the highest common factor of 5899 and s?
17
Let b(v) = v - 17. Let w = -66 - -131. Let p = -44 + w. Let t be b(p). What is the greatest common factor of t and 36?
4
Let t be 294/35*(-100)/3*-125. What is the greatest common divisor of 10 and t?
10
Let a = 204 - 134. Let z = -58766 - -58850. Calculate the highest common factor of a and z.
14
Suppose o - 3696 = 13*o. Let x = -200 - o. What is the greatest common divisor of 81 and x?
27
Suppose -16*d + 235 = 31*d. Let f be (d*18/(-75))/(5/(-175)). What is the greatest common factor of f and 98?
14
Let f(a) = -8*a + 1058. Let n be f(21). Calculate the highest common factor of 150 and n.
10
Suppose -8*u = 39*u - 4136. What is the greatest common factor of 638 and u?
22
Let y(r) = -12*r - 9. Let h be y(-4). Let s = -36 + h. Suppose -o = -5*l - s, 4*l = -2*o + 26 - 6. What is the greatest common divisor of 8 and o?
8
Let p be -10 + 11 - 2*1. Let h be ((-4)/10)/(p/60). Let n be ((-231)/35)/(17/(-340)). Calculate the highest common factor of h and n.
12
Let n be (-27)/81*(2 - 2). Suppose -6*r + 1239 + 399 = n. Calculate the greatest common divisor of 26 and r.
13
Suppose 119*r + 12 = 121*r, -2*y - r + 20 = 0. Calculate the highest common divisor of y and 4249.
7
Suppose 4*x = 2*s + 4560, 0 = -31*s + 11*s + 3*s. Calculate the highest common divisor of 20 and x.
20
Suppose 3*k = x + 13, -x = 5*k - 37 + 10. Suppose x*c - 4*i = 558, c + c - 5*i - 558 = 0. What is the highest common divisor of 31 and c?
31
Let u(b) = -4*b + 6. Let y be u(-11). Suppose 0 = -4*j + 42 + y. Calculate the greatest common factor of 23 and j.
23
Suppose -46 - 100 = k. Let r = 164 + k. Let z = 22 - r. Calculate the greatest common divisor of z and 4.
4
Suppose -10*p + 12*p - 16 = 0. Let k(t) = -4*t**2 + 5*t**2 - p*t + 3 + t**2 - 19. Let v be k(7). Calculate the greatest common factor of v and 13.
13
Suppose 0 = -151*q + 21905 - 2275. Calculate the greatest common factor of q and 676.
26
Let v be (7 - 45/9) + 5*2. Let o be (0 + 1)*3/(v/92). What is the greatest common factor of o and 3?
1
Let s be (356/445 - 722/(-10)) + -13. What is the greatest common divisor of s and 60?
60
Let c(a) = 275*a + 3160. Let x be c(-11). What is the highest common divisor of x and 585?
45
Let c be (1/(-4))/(7*7/(-9996)). What is the greatest common divisor of 3 and c?
3
Suppose -4*x - 5168 = -3*s, -5*s + x = -9688 + 1103. Suppose 0 = 38*u - 27*u - s. What is the highest common divisor of 39 and u?
39
Let t = 425 - 249. Calculate the highest common factor of 352 and t.
176
Let f be (131/(14934/(-76)))/(-2*1/585). Suppose 0 = -5*q - 4*m + 16 + 154, -2*q + 35 = -5*m. What is the highest common factor of q and f?
15
Suppose 0 = -d - 5*j - 18 + 34, 3*j - 9 = 0. What is the highest common factor of 8 and d?
1
Let x = -5775 + 5875. What is the greatest common divisor of x and 2650?
50
Let j = 484 - 482. Suppose -5*s + 0*r + 56 = -2*r, j*s = -r + 26. Calculate the highest common divisor of s and 78.
6
Suppose -4*a = -f + 10747, -8*a + 5109 + 16433 = 2*f. What is the highest common divisor of f and 203?
203
Let s = -6595 - -6814. What is the greatest common divisor of s and 75?
3
Let v = -58 + 70. Let w be 2*(-5)/((-40)/v). Suppose -880 = w*u - 8*u. Calculate the greatest common divisor of 44 and u.
44
Suppose -6720 = 39*o + 44*o - 363*o. Calculate the highest common factor of 1500 and o.
12
Suppose -5*w + 1333 = 408. Let p = w + -129. Suppose -4*m = -30 + 2. Calculate the greatest common divisor of p and m.
7
Suppose 16*w - 21*w + 4516 = 3*f, 3*w - 2708 = -f. Calculate the highest common divisor of w and 4018.
82
Let v = 1277 - 703. Suppose -f = 2*s - v - 546, -5555 = -5*f - s. Calculate the highest common factor of f and 30.
30
Let g = -17 + 28. Let q be 2*(-1 - -3) - -1. Suppose -g = 2*u + 2*w - 7*w, -5*u + 25 = q*w. What is the highest common divisor of u and 4?
2
Suppose 0 = -485*y + 498*y - 2574. Calculate the greatest common factor of 288 and y.
18
Let t be (-1)/(2 - (-29)/(-14)). Suppose 0 = 3*l + 2*w - 6*w - 18, -2*l = -2*w - t. Let j = -1591 + 1701. Calculate the greatest common factor of j and l.
10
Suppose 1512 = 170*c - 158*c. What is the greatest common divisor of c and 546?
42
Suppose 0 = h + 2*u - 4, 5*u - 657 = 4*h - 725. Calculate the greatest common divisor of 402 and h.
6
Suppose 0*b + 5*b - o - 86 = 0, 2*o = 8. Suppose -4*g + 22 = -b. Let a = g - -3. Calculate the greatest common divisor of 104 and a.
13
Suppose -33 = -2*m - x + 11, 4*m - 76 = -5*x. Let p = m - -108. Let t be (-438)/(-5) - 2/(-5). What is the highest common divisor of t and p?
44
Let f(n) = 2672*n - 8823. Let w be f(5). What is the greatest common factor of 26 and w?
13
Suppose 0 = 4*i + 3*q - 6336, 3*i - 2732 = q + 2020. Calculate the highest common factor of 126 and i.
18
Suppose 5*w - 6*w = -r + 183, -3*r + w + 549 = 0. Let d = 191 - r. Calculate the greatest common divisor of 76 and d.
4
Suppose -168*k = -84*k - 21504. Calculate the highest common divisor of 2080 and k.
32
Suppose 2*z = -2*c + 84, 3*c - 48 = -z + 84. Suppose 6*j = c + 3. What is the greatest common factor of 4 and j?
4
Let n = -9680 - -10842. Calculate the greatest common divisor of 166 and n.
166
Suppose 3*j = y + 11227, 7*j - 2*j - 4*y - 18700 = 0. Suppose 7*t - j = -25*t. What is the highest common divisor of 13 and t?
13
Suppose 4*q + 2*z - 5365 = -375, 3*z = 9. Calculate the greatest common divisor of q and 56.
14
Let z(g) = -3*g**3 - g**2 - 4*g - 6. Let r be z(-3). Let o be (-186)/682 + 3*1002/11. What is the highest common factor of o and r?
39
Let v = -5202 + 6378. What is the greatest common divisor of v and 1470?
294
Let v be 3231/27 - (-10)/(-15). Let b be (72/21)/(34/v). Calculate the greatest common factor of b and 396.
12
Suppose 30*m + 14 = 32*m + 2*b, 0 = b - 5. Calculate the highest common factor of 131 and m.
1
Suppose -18*m + g = -22*m + 11, 0 = m + 5*g + 21. Suppose 4*c - 5*u = 245, -c - 3*c + m*u + 244 = 0. Calculate the highest common factor of c and 36.
12
Suppose 0 = 8*l + 3*v - 96, -60 = -11*l + 6*l - 4*v. What is the highest common divisor of 38436 and l?
12
Let m = -1961 + 1965. Calculate the greatest common factor of m and 188.
4
Let h(j) = j**3 + 10*j**2 - 12*j - 23. Let z be h(-11). Let u be -3*52/z - 3. What is the greatest common divisor of u and 25?
5
Suppose 66*k - 2750 = 11*k. What is the highest common factor of k and 1530?
10
Let x(z) be the first derivative of -z**4/4 + 5*z**3/3 - 5*z**2 - 5*z - 15. Let a be x(5). Let j = a + 69. What is the greatest common factor of j and 7?
7
Let n be -2 + 4 - (0 - 1). Suppose -n*h - 2*h + 25 = 0. Suppose -130 = 4*t - 2*w - 430, 20*t + 4*w = 1640. Calculate the greatest common divisor of t and h.
5
Let w = 21853 - 14090. What is the highest common divisor of 7 and w?
7
Let l(y) = 13*y**3 + y**2. Let x be l(2). Let s be (6/15)/(8/80). Suppose s*u - k - 14 = 90, -3*k = 4*u - 120. What is the greatest common factor of x and u?
27
Let d(b) = 24*b**2 + 251*b - 103. Let v be d(-11). What is the greatest common divisor of v and 220?
20
Let o(v) = -7*v + 195. Let z be ((-18)/15)/((-8)/(-200)). Let p be o(z). Calculate the highest c